(y). What is the tens digit of b(1)?
8
Let y = 4060 - 622. What is the thousands digit of y?
3
Let f(y) = 4*y**2 + 4*y + 110. What is the hundreds digit of f(-12)?
6
Suppose 5*u + 23 = d, -2*d + 2*u + 11 = -u. What is the tens digit of 18/(-12) - 89/d?
4
Suppose -4*v - 22340 = -14*v. What is the hundreds digit of v?
2
Suppose 12*c - 17134 = -c. What is the hundreds digit of c?
3
Let i = -291 + 502. Let d = i + -344. What is the tens digit of d/38*-2*7?
4
Suppose 0 = -82*g + 5*g + 127204. What is the tens digit of g?
5
Let x(a) = -a**3 + 8*a**2 - 6*a - 2. Let n be x(7). Let y be (-2 + 3)/(n/25). Suppose 0 = w + y*i - 51, 0*w + i = w - 39. What is the tens digit of w?
4
Suppose -1240 = -6*b + 1592. Suppose b = 9*o - o. What is the tens digit of o?
5
Suppose 4*x + 6 = x. Let f be ((-2 + 2)/x)/1. Suppose f = -4*q - 36 + 172. What is the units digit of q?
4
Let d be ((2 - 2)/4)/2. Let i = d + 0. Suppose -83 = -3*f + 2*r, i = f - 6*r + r - 32. What is the tens digit of f?
2
Suppose 5*z - 22641 = -3*n, 34*n = 37*n + 9. What is the hundreds digit of z?
5
Let a be 0*(-1 + 2 - (6 - 4)). Suppose 2*j + a*j - 2*v = 38, -23 = -2*j - 3*v. What is the units digit of j?
6
Let v = -1006 - -2404. What is the tens digit of v?
9
Let b be (-2)/(-2) + -3*10. Let w be 0/(-9) + -1 + b. What is the tens digit of 26/(-39)*w/2?
1
Suppose 18*t + 224 = 11*t. Let j = 76 + t. What is the tens digit of j?
4
Let b(d) = -34*d**3 - 20*d + 17. Let l(z) = 11*z**3 + 7*z - 6. Suppose -3 = 2*s + 9. Let m(k) = s*b(k) - 17*l(k). What is the units digit of m(1)?
8
What is the units digit of 44/198 - (1 + 13440/(-27))?
7
Let t(v) = 5*v**2 - 3*v - 4. What is the hundreds digit of t(10)?
4
Let u = -28 + 26. Let i be (-5)/u*78/65. Suppose 36 = 3*q + s - i*s, 5*q + 5*s = 60. What is the units digit of q?
2
Suppose 0 = 5*q - 3*x - 2799, -q = 3*x - 6*x - 567. What is the hundreds digit of q?
5
Suppose 4*a = 6 + 18. Let d(s) = s**3 - 6*s**2 + 4*s - 3. Let y be d(a). Let g = y - 15. What is the units digit of g?
6
Let i(n) = n**2 - 4*n - 1. Suppose 4*z + c = 12, 0*c - 3*c = 0. Let g be i(z). Let y = 12 - g. What is the tens digit of y?
1
Suppose -3*o + 37 = 4*r, -5*o + 6*r = r - 120. Let q = o + -16. Suppose 2 = -v + q. What is the units digit of v?
1
Let k be ((-60)/16)/5*-4 + -163. Let q = -47 - k. What is the tens digit of q?
1
Let j(g) = 4*g**2 + 9*g - 149. What is the units digit of j(24)?
1
Let i be -3*-1*(-1)/(-3). What is the hundreds digit of (((-244)/(-3))/i)/(22/33)?
1
Let d be (0 + 6)*(496/(-24))/(-2). Suppose 3*q - 2*q - 3 = 0. Suppose -d = -q*v + v. What is the units digit of v?
1
Suppose n + c - 711 = 0, 0 = -3*n + c + 2*c + 2145. What is the units digit of n?
3
Suppose -f - 3*f = 28. Let u(j) = 1. Let o(s) = 2*s - 5. Let d(p) = -o(p) + 5*u(p). What is the tens digit of d(f)?
2
Let x(i) = 41*i**2 - 9*i - 4. Let g be x(-4). What is the tens digit of (-3)/21 + g/14 + -2?
4
Let k(m) be the second derivative of m**5/15 - m**4/12 + 2*m**3/3 + 2*m. Let o(h) be the second derivative of k(h). What is the tens digit of o(3)?
2
Suppose -3*a = 5*x - 1980, 0*a + 6*x - 1312 = -2*a. What is the units digit of a?
5
What is the hundreds digit of (-11)/(-132) + 20518/24?
8
Let r(t) = 6*t**2 + t - 25. Suppose 0 = 2*l - 5*l + 12. What is the tens digit of r(l)?
7
Let c(f) = 38 + 5*f - 41 + 3*f**3 - 2*f**3 + f**2 - 5*f**2. What is the units digit of c(3)?
3
Let w = -2874 + 5393. What is the thousands digit of w?
2
Let w(r) = r**2 - 3. Let h = -35 - -28. What is the units digit of w(h)?
6
Let b = 6573 - 2663. What is the units digit of b?
0
Suppose -3*r - 6 = 4*f, -3*f - 3*r = -r + 4. Suppose f*v - 5*v + 435 = 5*j, -4*j + 360 = -2*v. What is the units digit of j?
9
Suppose -2*j - f = -9, -3*j + 2*f = f - 1. Suppose 5*m + 350 = 4*z + 16, 0 = -j*z + 4*m + 164. What is the tens digit of z?
8
Let b be 6/(-1 + 1/(-2)). What is the units digit of ((-4)/(-5))/(b/(-10))?
2
Let s = 83 + -122. Let r = s + 43. What is the units digit of r?
4
Suppose -3 = k + 2*h + h, -2*k + 4*h = -4. Let n be -1 - (k + -4 + 1). Suppose 0*d - 136 = -4*d + 2*f, -37 = -d + n*f. What is the tens digit of d?
3
Let z(j) = -9*j**3 + 10*j**2 - j - 54. What is the thousands digit of z(-7)?
3
Suppose 0 = 3*a - a. What is the hundreds digit of 4 - ((-137 - a) + -4)?
1
Let u(t) = -16*t - 1. Let n be u(7). Let f = 159 + n. What is the tens digit of f?
4
Suppose 5*b + h - 17 = 0, b - h = 2*b - 5. What is the hundreds digit of -1*(0 + 2)/(b/(-174))?
1
What is the tens digit of (1314/27)/(1132/282 - 4)?
3
Suppose 13*k - 17*k + 13196 = 4*w, 4*k - 13232 = 5*w. What is the hundreds digit of k?
3
Let d = 981 + -471. What is the units digit of d?
0
Suppose 2*a = -2*w + w + 89, -205 = -2*w + 5*a. Let p = 151 - w. What is the tens digit of p?
5
Let d(g) = 6*g + 27. Let o be d(-11). What is the units digit of 5/((-20)/16) - o?
5
Let j(v) = 328*v - 23. What is the units digit of j(2)?
3
Suppose -18588 = 4998*q - 5004*q. What is the units digit of q?
8
Let b = 428 + -173. What is the units digit of b?
5
Let u(g) = -g**3 + 11*g**2 - 12*g + 9. Let s be u(10). Let n(t) be the first derivative of -t**4/4 - 4*t**3 - 7*t**2 - 5*t + 7. What is the tens digit of n(s)?
2
Let k(z) = z**3 + 10*z**2 - 24*z + 3. Let h be k(-12). Suppose -2*v - h*q + 125 = 0, -165 = -2*v + 2*q + 3*q. What is the tens digit of v?
7
Suppose 2*h = 2*r, 4*r = -3*h - r + 24. Suppose -h*z = 0, z = 3*l - 7*l - 3224. What is the units digit of l/(-18) + 6/27?
5
Suppose 6*z - 3*z - 126 = 0. What is the units digit of 450/7 - 12/z?
4
Let g(p) = 14*p**2 - 4*p - 174. What is the tens digit of g(-14)?
2
Suppose s + 1 = 5*u + 212, -3*s - 3*u = -543. Let r = s - 106. Suppose -13*a = -8*a - r. What is the units digit of a?
6
Suppose -3*w + 498 = 3*g, 2*g + 501 = 3*w + 6*g. What is the hundreds digit of w?
1
Let z = 1678 - 933. What is the hundreds digit of z?
7
Let z(j) = 6*j - 4 + 0*j**2 + j**2 + j**2. Let b be (5/(-3))/(11/33). What is the units digit of z(b)?
6
Let r = 5 - 0. Let h be r/(3/(-48)*-4). Suppose 4*s + 5*d = 108, 3*d - h = -2*d. What is the tens digit of s?
2
Let x(g) = -27*g**2 + 40*g**2 - 2 - g + 2*g. What is the tens digit of x(1)?
1
Let h(v) = v**3 - 7*v**2 - 2*v + 822. What is the units digit of h(0)?
2
Suppose -60 = 4*t + t. Let z = -69 - -94. Let p = t + z. What is the units digit of p?
3
Suppose -7*n - n = -1288. Suppose 0 = 3*l - 2*i - 80, 4*l + 21 = -4*i + n. What is the units digit of l?
0
Let a = -64 + 67. Suppose 15 = 5*i, -5*i + 139 = -g + a*g. What is the units digit of g?
2
Let k(a) = -2 - 1 + 12 - 3*a - 10 + 5*a**2. What is the units digit of k(-3)?
3
Let t(g) = 13*g**2 + g - 1. Let x be t(1). Let n = x + -6. Suppose -5*w - 52 = -n*w. What is the units digit of w?
6
Let q = -14 + 19. Let k(u) = -u**3 - 6*u**2 - 7*u - 4. Let b be k(-5). Suppose 0 = q*s - 3*i - 111, i + 45 = -4*s + b*s. What is the tens digit of s?
2
Let o(s) = -3*s - 18. Let x(d) = -4*d - 18. Let m(l) = 3*o(l) - 2*x(l). Let y be m(-10). What is the tens digit of 205/20 + 2/y?
1
Suppose -2*s - 157 - 201 = -3*z, 0 = 3*s + 15. Let n = 314 - z. What is the units digit of n?
8
What is the thousands digit of ((-39266)/(-87))/((-4)/(-18))?
2
Suppose 187*n = 188*n - 2553. What is the thousands digit of n?
2
Let n = 11 - -2. Let c be 11 + 3 - (-7 - -2). Let f = n + c. What is the units digit of f?
2
What is the hundreds digit of 2/17 + 1 + (-12693)/(-51)?
2
Let n = 760 + 246. What is the tens digit of n?
0
Suppose -3*p + 4 = -8. Suppose -d = -2*d + 70. Suppose -p*m + 230 = d. What is the tens digit of m?
4
Let q = -46 - -70. Suppose 3*f - 12 = 0, -k - 3*k = 3*f - q. Suppose 3*z - k*r - 117 = 0, -2*r + 81 - 15 = 2*z. What is the tens digit of z?
3
Suppose 211*j + 6009 = 5*a + 212*j, -4*a = -j - 4800. What is the hundreds digit of a?
2
Let y = 26 + 577. What is the hundreds digit of y?
6
Suppose -4*s + 879 - 126 = 3*t, 5*t = 3*s + 1226. Let w = -171 + t. What is the tens digit of w?
7
Let b = 11 - 6. Suppose -128 = -b*g + 272. What is the units digit of g?
0
Suppose -4*g - 82 = -5*d, -4*g - 68 = 4*d + 32. Let i = -60 - g. Let y = i + 85. What is the tens digit of y?
4
Suppose 9*j = 4*j - 20. What is the units digit of j/10 - (-636)/15?
2
Let c = -7 + 3. Let w(n) = -n**3 - 4*n**2 + 2*n + 6. Let g be w(c). Let 